tor of 3920344 and 1063?
1063
What is the greatest common factor of 63 and 175245?
21
Calculate the highest common factor of 100 and 758120.
20
What is the highest common factor of 200 and 408550?
50
What is the greatest common factor of 201293 and 202?
101
What is the highest common factor of 2092413 and 57?
57
Calculate the highest common factor of 224 and 483392.
224
What is the greatest common factor of 26792 and 3672?
136
What is the greatest common factor of 39 and 604123?
13
Calculate the highest common factor of 3540 and 3040.
20
What is the greatest common factor of 33434 and 164422?
458
What is the greatest common factor of 132 and 1308252?
132
Calculate the greatest common factor of 40185 and 19.
19
What is the highest common divisor of 2278 and 4709?
17
Calculate the greatest common factor of 63096 and 2904.
264
Calculate the highest common divisor of 3875 and 58745.
155
Calculate the highest common factor of 183125 and 375.
125
What is the highest common factor of 1001547 and 171?
171
Calculate the highest common factor of 1963 and 14999283.
1963
What is the highest common factor of 1362058 and 1970?
394
What is the highest common divisor of 12215 and 35?
35
Calculate the highest common factor of 77 and 2729573.
77
What is the greatest common factor of 5436 and 3456?
36
Calculate the greatest common factor of 1902162 and 1896.
474
Calculate the highest common divisor of 1038665 and 430.
215
Calculate the greatest common divisor of 6550 and 550.
50
What is the greatest common divisor of 1841686 and 33?
11
What is the greatest common factor of 1130200 and 800?
200
Calculate the greatest common divisor of 15054 and 147838.
386
What is the highest common divisor of 306 and 114903?
153
Calculate the highest common factor of 160809 and 242.
121
Calculate the greatest common factor of 23718 and 8850.
354
What is the highest common factor of 180 and 1992?
12
What is the highest common factor of 2875 and 2277?
23
Calculate the highest common divisor of 45 and 2684745.
45
What is the highest common factor of 9700 and 100?
100
What is the greatest common divisor of 30 and 18015?
15
Calculate the greatest common divisor of 88 and 34188.
44
What is the greatest common divisor of 36153 and 1404?
351
What is the greatest common divisor of 101557 and 123?
41
What is the greatest common factor of 1294850 and 1880?
470
Calculate the greatest common divisor of 1783632 and 48.
48
What is the greatest common factor of 36865 and 3285?
365
Calculate the highest common divisor of 88 and 536668.
44
Calculate the highest common factor of 512 and 1216.
64
Calculate the greatest common factor of 6 and 127128.
6
What is the greatest common factor of 892 and 13156?
4
What is the highest common divisor of 368 and 36?
4
Calculate the highest common factor of 1530246 and 183.
183
Calculate the highest common divisor of 2354 and 2461.
107
What is the greatest common factor of 8190 and 8505?
315
Calculate the highest common divisor of 116 and 2275978.
58
What is the greatest common factor of 650 and 444900?
50
Calculate the highest common factor of 1442 and 39346.
206
Calculate the highest common divisor of 284988 and 3740.
748
Calculate the greatest common factor of 110144 and 4352.
64
What is the greatest common divisor of 528216 and 936?
312
Calculate the greatest common divisor of 38 and 225207.
19
What is the highest common factor of 1447 and 7916537?
1447
What is the highest common divisor of 1213506 and 189?
63
What is the highest common factor of 270278 and 134?
134
What is the highest common factor of 2921 and 34201?
23
Calculate the greatest common factor of 806 and 1534.
26
Calculate the highest common factor of 167506 and 1952.
122
Calculate the greatest common divisor of 26519 and 42661.
1153
What is the highest common factor of 294 and 15435?
147
What is the highest common divisor of 1002090 and 10?
10
What is the highest common divisor of 12166 and 2310?
154
Calculate the greatest common divisor of 9028 and 67344.
244
Calculate the highest common divisor of 2108 and 60928.
68
Calculate the greatest common factor of 41159 and 28655.
521
Calculate the highest common divisor of 184 and 70978.
46
What is the greatest common factor of 2184 and 1378?
26
Calculate the greatest common factor of 3234 and 30576.
294
What is the greatest common factor of 5310548 and 904?
452
What is the greatest common divisor of 116226 and 2358?
18
What is the greatest common divisor of 4764 and 687207?
1191
What is the highest common divisor of 1972 and 95468?
116
What is the highest common divisor of 33 and 121979?
11
Calculate the highest common factor of 6209865 and 30.
15
What is the highest common divisor of 38352 and 31620?
204
Calculate the greatest common factor of 298 and 72265.
149
Calculate the highest common divisor of 153990 and 531.
531
Calculate the greatest common divisor of 12150 and 126.
18
Calculate the greatest common divisor of 14 and 9020746.
14
Calculate the greatest common divisor of 85894 and 67.
67
Calculate the greatest common factor of 448668 and 1.
1
What is the greatest common divisor of 2525 and 114635?
505
Calculate the highest common factor of 256 and 218384.
16
What is the highest common factor of 43 and 124829?
43
What is the greatest common factor of 81 and 26379?
27
Calculate the greatest common divisor of 990 and 109824.
66
Calculate the highest common divisor of 62838 and 48.
6
What is the greatest common factor of 621900 and 4050?
450
What is the greatest common factor of 92188 and 304?
76
What is the highest common factor of 87 and 881368?
29
Calculate the greatest common factor of 16 and 65542.
2
Calculate the greatest common divisor of 320 and 174320.
80
What is the highest common factor of 3565 and 9455?
155
Calculate the greatest common factor of 48 and 519696.
48
Calculate the highest common factor of 22005 and 21027.
489
What is the greatest common divisor of 34010 and 43139?
179
Calculate the greatest common divisor of 280 and 10840.
40
Calculate the greatest common factor of 2482 and 578.
34
What is the highest common factor of 71159 and 55?
11
What is the greatest common factor of 522506 and 237?
79
What is the highest common divisor of 1246282 and 9958?
766
What is the highest common divisor of 72 and 1629?
9
What is the highest common divisor of 3616 and 38688?
32
Calculate the highest common divisor of 82821 and 63.
3
Calculate the greatest common factor of 218 and 678743.
109
Calculate the greatest common divisor of 1224 and 13824.
72
What is the highest common factor of 90068 and 38092?
356
Calculate the greatest common factor of 46526 and 4042.
86
What is the greatest common factor of 32 and 353680?
16
What is the greatest common divisor of 11363 and 143?
11
Calculate the greatest common factor of 18 and 98181.
9
What is the highest common divisor of 76 and 55138?
38
What is the highest common factor of 737019 and 24057?
2187
Calculate the highest common factor of 2197 and 2704.
169
Calculate the greatest common factor of 3610 and 360.
10
What is the highest common factor of 795986 and 76?
38
Calculate the greatest common divisor of 1 and 63161.
1
What is the highest common factor of 956 and 230874?
478
What is the greatest common divisor of 1720 and 30272?
344
Calculate the greatest common factor of 205065 and 245.
245
Calculate the greatest common divisor of 1317 and 189.
3
Calculate the highest common divisor of 3010 and 2590.
70
What is the greatest common divisor of 1357 and 5369?
59
Calculate the highest common divisor of 6048 and 2880.
288
Calculate the greatest common divisor of 800 and 12700.
100
What is the highest common divisor of 198016 and 2?
2
What is the greatest common divisor of 407 and 180893?
37
What is the greatest common divisor of 4080 and 2652?
204
What is the highest common factor of 4 and 92702?
2
Calculate the highest common factor of 1568 and 827512.
392
What is the greatest common factor of 20 and 1292?
4
What is the greatest common factor of 4806 and 486?
54
Calculate the greatest common divisor of 171 and 6876.
9
Calculate the greatest common divisor of 259002 and 72.
18
Calculate the greatest common divisor of 58515 and 10707.
249
Calculate the greatest common factor of 20 and 5432060